
1
Suppose -4*p - 560 = -11*p. Suppose 5*n = 2*n + 24. What is the greatest common factor of p and n?
8
Let l(a) = -29*a**3 + 2*a**2 - a. Let t be l(1). Let q = 49 + t. What is the highest common factor of 21 and q?
21
Suppose -4*m = -724 + 176. Let y = 242 - m. Calculate the greatest common factor of 15 and y.
15
Let l = 64 - 44. Calculate the greatest common divisor of l and 10.
10
Suppose 5*p = 5*y - 10, 4*y + p = 2*p + 2. Let n be (4 - y)*(-1)/(-1). Calculate the highest common divisor of 4 and n.
4
Let o(k) = 5*k - 10*k**2 + 4 - 2*k**3 + 2*k**3 + 2*k**3 - k**3. Let m be o(10). What is the greatest common divisor of m and 6?
6
Suppose -5*i + 5 + 5 = 0. Let d = i + 2. Calculate the highest common factor of d and 32.
4
Let l be 1/(1 - (1 - 1)). Let j be l - 5/((-10)/(-8)). Let v be -1 - j - (-1 - 15). What is the greatest common factor of v and 45?
9
Let a be -46*(-3)/24 - (-2)/8. What is the greatest common divisor of a and 54?
6
Let q = 14 + -7. Let b = -5 + q. Let x = 5 - b. What is the highest common factor of x and 24?
3
Suppose -9 = 2*p + 3. Let x be (-3)/((-10)/p - 2). Suppose -s - 5*u + 11 + 13 = 0, 0 = -2*s - 4*u + 30. What is the greatest common factor of s and x?
9
Suppose 0 = 6*c - 52 - 2. Calculate the greatest common factor of 45 and c.
9
Suppose 0 = 3*s - 0*s - 18. Suppose -s*c = -7*c + 308. What is the highest common divisor of c and 28?
28
Let h be ((-18)/(-45))/(1/5). Calculate the greatest common divisor of 16 and h.
2
Suppose -z + 60 = 4*z. Suppose 0 = 5*v + 12 - 32, -4*g = -4*v + z. Suppose -c + 6 = -1. Calculate the greatest common factor of c and g.
1
Let c = -8359 + 11838. Let r be c/63 - (-4)/(-18). Calculate the highest common factor of r and 5.
5
Let y be 5/(-2*(-2)/4). Suppose -3*a = j - 5*j + 35, 0 = 5*j - y*a - 40. Let s be ((-66)/(-4))/((-12)/(-64)). Calculate the highest common divisor of s and j.
11
Let z(g) = -g**3 - 13*g**2 - 16*g - 18. Let q be z(-12). What is the greatest common divisor of 15 and q?
15
Suppose 3*z - 64 = -z. Let j = 6 + z. What is the highest common divisor of j and 33?
11
Suppose -22*b = -25*b + 15. Let l = -16 - -41. What is the greatest common divisor of l and b?
5
Let z = 4 + 3. Suppose f - 10 = 39. What is the greatest common divisor of f and z?
7
Let d(b) = 7*b**2 - 6*b - 6. Let j be d(-4). Calculate the greatest common divisor of 52 and j.
26
Suppose 3*a = 5*a - 64. Let s be (112/7)/(2 - 0). What is the greatest common factor of s and a?
8
Suppose 4*w = -9 + 29. Suppose u = 5*c + 21, -c = w*u - 53 - 0. Calculate the greatest common divisor of u and 121.
11
Suppose 3*c - 19 - 2 = 0. Let r(i) = -i**2 - 7*i - 5. Let t be r(-4). Calculate the highest common divisor of c and t.
7
Suppose -6*q + 120 = 2*q. What is the greatest common factor of 5 and q?
5
Suppose 0*u + u + 15 = -x, 5*x - 9 = 2*u. Let y = -21 - u. Let m = y - -15. What is the highest common factor of 6 and m?
6
Suppose -13 = -3*w - 4. Let z = w - -6. Suppose 2*x - 6*x + 180 = 0. What is the highest common factor of x and z?
9
Let g be 3 - 38*1/(-2). Suppose -5*x = 59 - 224. Calculate the greatest common factor of g and x.
11
Suppose -1 = 3*u - 10. Suppose 456 - 57 = -u*c + 4*m, 0 = 4*c - 3*m + 525. Let o = -89 - c. Calculate the greatest common factor of 16 and o.
8
Suppose -609 = -13*i - 89. What is the highest common factor of 5 and i?
5
Let j(s) = -s**3 + 6*s**2 - 4*s + 4. Let z = -13 + 17. Let d be j(z). Calculate the highest common divisor of d and 100.
20
Let w = -183 + 184. Suppose -5*c + 0*c + 35 = 0. Calculate the highest common divisor of w and c.
1
Let q = 837 - 570. Let a = q - 172. Calculate the highest common divisor of a and 38.
19
Let h be -4 + -33*25/(-15). What is the greatest common factor of 357 and h?
51
Suppose 15*q - 2722 = 2003. Calculate the greatest common divisor of 35 and q.
35
Let x = 203 - 185. What is the highest common divisor of 30 and x?
6
Let u be -16*(-2 + (-3)/(-2)). Let z(l) = 2*l + 10. Let t be z(u). Calculate the greatest common divisor of 104 and t.
26
Let g(v) = -5*v - 4. Let r be g(-1). What is the highest common divisor of r and 17?
1
Let r be (-6)/(-3) - 2/2. Let u be (-1 + -1 + 2)/r. Suppose u*n = n - 7. What is the highest common factor of 7 and n?
7
Let u = -19 - -26. What is the greatest common divisor of 49 and u?
7
Let a = -5 - -44. Let g = 9 - 13. Let w(z) = 3*z**2 + 5*z - 2. Let v be w(g). What is the greatest common factor of v and a?
13
Suppose 0 = 2*c - 3 - 1. Suppose y - 5*y + a - 140 = 0, -4*a = c*y + 52. Let f = 76 + y. What is the greatest common divisor of f and 6?
6
Suppose -l - 8 = -3*l. Suppose 4*n - 180 = -4*h, -l*h = -n - n + 90. Let b = -77 + 82. Calculate the greatest common divisor of n and b.
5
Suppose -2*p + 5*u = 3*p - 1265, 5*p + u = 1283. Calculate the highest common divisor of p and 32.
32
Let p = -4 + 11. Calculate the greatest common divisor of p and 1.
1
Suppose -4*q - 5*y + 50 + 36 = 0, 3*y - 90 = -4*q. Suppose -74 = -5*o + s - 3*s, -5*o + 5*s + 95 = 0. What is the highest common factor of o and q?
8
Let r be 10*40*3/6. Suppose 3*y = 7*y - r. Calculate the greatest common divisor of y and 25.
25
Let s = 35 - -39. Let g be (-3)/(-5) + s/10. Calculate the greatest common divisor of g and 2.
2
Suppose 2*u - 20 = -5*w + 4*u, 0 = 3*u - 15. What is the greatest common divisor of 24 and w?
6
Suppose -4*q + 41 - 1 = 0. Calculate the greatest common divisor of q and 20.
10
Let z = 6 + -4. Suppose -3*x + 0*x = -v - 9, -v + 11 = z*x. Calculate the greatest common divisor of 6 and x.
2
Let l = -40 - -108. Calculate the highest common divisor of l and 17.
17
Let n be (5*-2)/(2/(-8)). Suppose -42 = 5*o - 342. Calculate the highest common divisor of n and o.
20
Suppose -5*b = -25, 2*c = 3*c - 4*b - 204. What is the highest common factor of c and 56?
56
Let b be (26/4 + -1)*2. Calculate the highest common factor of b and 11.
11
Let d be 1 + (-15)/(0 + -3). Let b be (-3)/((-10)/8 + 1). Suppose -h = m - b, 0*m - 2*m = 0. Calculate the highest common factor of h and d.
6
Suppose -45 = 5*p - 185. Suppose -7 = -2*f - 3*y, 5 = -4*f + y + 12. Let b be f/4*0 - -70. What is the greatest common factor of p and b?
14
Suppose 0*l + 3 = l, 3*l + 111 = 4*a. Calculate the highest common divisor of a and 40.
10
Let s(f) = -f**2 + 31*f - 13. Let k be s(30). What is the greatest common factor of 85 and k?
17
Let l(u) = 2*u**3 - 2*u + 1. Let b be l(2). Calculate the highest common factor of b and 52.
13
Let m(s) = s**2 + 3*s - 8. Let r be m(-5). What is the greatest common factor of r and 16?
2
Suppose -14 = -5*w - 4. Suppose 3 = n + w. Suppose 14 - 56 = -14*s. Calculate the highest common factor of s and n.
1
Suppose 6 = 2*u - 0*u. Let p be 10/u*(-18)/(-12). What is the highest common factor of p and 45?
5
Let m be (-1 - 0)/(4/(-8)). What is the greatest common factor of 2 and m?
2
Suppose 2*a - 5*b = 325, -2*a + 467 = 3*b + 134. Suppose 3*q - 5*y = 20, 6*q - 55 = 2*q + y. What is the greatest common factor of a and q?
15
Let y = 2 + 4. Suppose 14 = t + y. Calculate the greatest common factor of t and 32.
8
Let r = -3 + 24. Let k(a) = a**2 - 4. Let v be k(-3). Suppose 5*g = v*y + 130 - 40, 5*g = 4*y + 86. Calculate the greatest common divisor of g and r.
7
Let v = 4 - 2. Let k = 5 - 1. Let t = k - 2. What is the greatest common factor of v and t?
2
Suppose r - 6*r - 351 = -3*d, 0 = r. Let g(x) = -x + 13. Let p be g(0). Calculate the greatest common divisor of d and p.
13
Suppose 3*g = 4*u + 149, -3*u = -3*g - 6*u + 177. Suppose -2*w - 52 + 10 = -4*i, i - 13 = -2*w. What is the highest common factor of g and i?
11
Suppose 50 = -0*m + m. Calculate the greatest common divisor of 10 and m.
10
Suppose -13*r + 11 + 28 = 0. Calculate the highest common factor of 27 and r.
3
Let z(b) = -b**2 + 3*b + 4. Let w = 11 + -5. Suppose -3*p + 3 + w = 0. Let t be z(p). What is the greatest common divisor of t and 6?
2
Suppose 5*v = -5*d + 730, -38 - 102 = -d - 4*v. Suppose 7*n - 3*n - d = 0. Suppose -4*c + 11 + n = 0. What is the greatest common divisor of c and 60?
12
Suppose -r - 3*r = 0. Suppose -16 = -2*q + 2*k, -2*k - 9 = -q - r*k. Calculate the greatest common factor of 1 and q.
1
Let l be (2 - 5 - -2) + 3. Suppose y + 0*y - 9 = 0. Suppose y + 21 = 3*d. What is the highest common facto